1028779 a composite number?
False
Is 2087223781 a prime number?
True
Is 103474614179 prime?
True
Is 115736057 a composite number?
False
Is 28481164805 composite?
True
Is 427729001 prime?
False
Is 304901819 a composite number?
False
Is 262207859 prime?
False
Is 25427157269 a prime number?
True
Is 3817580311 a composite number?
True
Is 839006677 composite?
False
Is 6280978291 a prime number?
False
Is 12037740163 composite?
False
Is 979186319 composite?
False
Is 5773255934 prime?
False
Is 10835959 a composite number?
False
Is 407954983 prime?
False
Is 10470540733 prime?
True
Is 12195202027 a composite number?
False
Is 1472290723 a prime number?
False
Is 172407341 prime?
False
Is 3735828599 a composite number?
False
Is 1718240413 a prime number?
False
Is 81741263 a composite number?
False
Is 345500821 a prime number?
True
Is 711720151 composite?
False
Is 1684649531 a composite number?
True
Is 2139556613 a prime number?
False
Is 2153273747 a prime number?
False
Is 17238081461 prime?
True
Is 35088922529 composite?
True
Is 111449579 prime?
True
Is 112187071811 composite?
False
Is 154442521 composite?
False
Is 4417530695 a composite number?
True
Is 28616461 a prime number?
False
Is 5602355141 a prime number?
True
Is 4129033541 composite?
False
Is 10160058611 a prime number?
True
Is 1293314237 composite?
True
Is 8840813593 composite?
False
Is 1965368467 a composite number?
False
Is 18959232043 a composite number?
False
Is 3801200407 a prime number?
False
Is 6394107683 a composite number?
False
Is 63781973771 prime?
True
Is 13985096029 composite?
False
Is 84605869 a composite number?
False
Is 68983073 prime?
True
Is 4972635721 a prime number?
True
Is 4136523653 a composite number?
True
Is 721268221 a prime number?
True
Is 4575299473 a composite number?
False
Is 104711958187 prime?
True
Is 100906908419 a prime number?
True
Is 2112656783 a prime number?
True
Is 8080567933 prime?
False
Is 839857583 composite?
True
Is 7768090895 a prime number?
False
Is 49518917537 a prime number?
False
Is 2869594867 prime?
True
Is 24768505211 composite?
True
Is 257082523585 a prime number?
False
Is 3122224441 prime?
False
Is 673640777 a prime number?
True
Is 5151396863 composite?
False
Is 1894934747 prime?
True
Is 38827106697 composite?
True
Is 160566667 composite?
False
Is 11988281083 prime?
True
Is 2213893257 a prime number?
False
Is 21950689741 a composite number?
True
Is 13371623257 a prime number?
True
Is 20799007993 a prime number?
True
Is 146095267 composite?
True
Is 32480720903 composite?
False
Is 550703807 a prime number?
False
Is 78560059 composite?
True
Is 1088271673 composite?
False
Is 10862825731 a prime number?
True
Is 17133066073 a composite number?
False
Is 5832909821 a prime number?
True
Is 25586611761 a prime number?
False
Is 601917137 prime?
False
Is 12216426337 composite?
True
Is 155286323 prime?
True
Is 13197070973 prime?
True
Is 780953594 prime?
False
Is 30527020969 a composite number?
False
Is 8271771403 prime?
False
Is 193332091 a composite number?
True
Is 68899931 composite?
False
Is 3228191843 a composite number?
False
Is 23369922871 composite?
True
Is 6619208465 composite?
True
Is 357913010527 composite?
False
Is 871465279 a prime number?
True
Is 199157429 a composite number?
True
Is 1198395547 a prime number?
True
Is 29486787149 prime?
False
Is 139077919 composite?
False
Is 6312976687 composite?
False
Is 1130213467 a prime number?
False
Is 482649469 composite?
False
Is 3335632841 composite?
False
Is 8858319461 a composite number?
False
Is 9663408251 a composite number?
True
Is 31319236159 a composite number?
False
Is 617283507 a composite number?
True
Is 2440951501 prime?
False
Is 134369676871 a prime number?
False
Is 965569291 composite?
True
Is 201267136073 composite?
True
Is 1213294937 prime?
True
Is 1746335411 prime?
False
Is 308260573 a prime number?
False
Is 23013511039 a composite number?
False
Is 30241273717 a composite number?
False
Is 48494842541 a composite number?
False
Is 1193577163 a composite number?
False
Is 57184205287 a prime number?
False
Is 1033491509 a prime number?
False
Is 67089755471 a composite number?
True
Is 56570062933 a composite number?
True
Is 34355998253 prime?
False
Is 1491930403 a prime number?
True
Is 43251949553 prime?
True
Is 9059891849 prime?
True
Is 138482472407 composite?
True
Is 1172924677 a prime number?
False
Is 604678769 a prime number?
False
Is 1435487665 a prime number?
False
Is 32673384533 composite?
True
Is 1215574589 a prime number?
False
Is 751445017 a composite number?
False
Is 2227897153 composite?
True
Is 9270207203 prime?
False
Is 1114747097 a composite number?
False
Is 33113489 composite?
False
Is 165702738569 a prime number?
False
Is 590133119 a prime number?
False
Is 556243901 a prime number?
True
Is 506291393 a prime number?
True
Is 14894693951 a composite number?
False
Is 811382603567 prime?
True
Is 206236319 a composite number?
True
Is 11492160557 composite?
True
Is 91691891803 a composite number?
False
Is 23424140991 prime?
False
Is 12848192479 a prime number?
False
Is 773214227 a composite number?
True
Is 1076895163 a composite number?
False
Is 44670100543 a composite number?
False
Is 379412621 prime?
False
Is 1796078393 prime?
False
Is 4585131541 prime?
False
Is 13884630103 a composite number?
False
Is 11781326717 a prime number?
True
Is 7890457331 composite?
False
Is 5004198959 prime?
False
Is 770379278 prime?
False
Is 1643548319 a prime number?
False
Is 13222332619 prime?
True
Is 11806360099 a prime number?
True
Is 967687127 composite?
True
Is 687170761 a composite number?
False
Is 13558954087 a composite number?
True
Is 83286809803 composite?
False
Is 9011610761 a prime number?
False
Is 71776801 a composite number?
False
Is 5128123207 prime?
False
Is 11666612281 prime?
False
Is 452925761 a prime number?
True
Is 10432972787 composite?
True
Is 3044534639 a composite number?
True
Is 121723586761 prime?
False
Is 7421176871 a prime number?
True
Is 1623267749 a prime number?
True
Is 4853821571 prime?
True
Is 3547046989 a prime number?
True
Is 920082157 prime?
False
Is 45093218173 a prime number?
True
Is 5203619067 a prime number?
False
Is 248414123 a prime number?
True
Is 43039418663 a prime number?
False
Is 135031943 prime?
False
Is 3146600069 composite?
False
Is 8365646183 a prime number?
True
Is 24529045853 a composite number?
True
Is 24398569297 a composite number?
False
Is 13582739533 composite?
True
Is 37989320099 a prime number?
True
Is 793509523 prime?
False
Is 1103184741 a composite number?
True
Is 2209331197 a prime number?
False
Is 353613343 composite?
False
Is 106616921 prime?
True
Is 20513881897 prime?
False
Is 182270117 prime?
True
Is 4378032479 a composite number?
True
Is 38604356453 a composite number?
True
Is 299174233 prime?
False
Is 135571280329 prime?
False
Is 3641428579 composite?
False
Is 4672219069 prime?
False
Is 8008415791 a composite number?
False
Is 438503789 prime?
True
Is 46280465027 prime?
True
Is 1145183969 composite?
True
Is 2865119509 a composite number?
True
Is 9712442587 a composite number?
False
Is 724943743 a prime number?
True
Is 32572869473 composite?
False
Is 131496791961 a prime number?
False
Is 5354316329 composite?
True
Is 11003444519 prime?
True
Is 130312175861 a prime number?
False
Is 13895595151 prime?
False
Is 9253835497 a prime number?
False
Is 4510217233 composite?
False
Is 1581223141 a composite number?
False
Is 5034913361 composite?
False
Is 12298491971 prime?
True
Is 672857223 prime?
False
Is 3532141073 composite?
True
Is 28387498618 prime?
False
Is 1116357587 a composite number?
False
Is 2542945211 a prime number?
False
Is 850488499 prime?
False
Is 1483139771 composite?
True
Is 10798634669 composite?
False
Is 2127839291 composite?
False
Is 3212003849 a composite number?
False
Is 615308831 a composite number?
False
Is 155943792997 prime?
False
Is 18484543199 composite?
True
Is 117460027 a composite number?
False
Is 58865795389 a composite number?
True
Is 414762007 composite?
True
Is 136241771 composite?
False
Is 1167130203 composite?
True
Is 19010095603 composite?
True
Is 166535979 composite?
True
Is 480731759 composite?
False
Is 22206055451 composite?
False
Is 2918766959 a prime number?
False
Is 6751224407 prime?
True
Is 11237695